w + -38. What is the units digit of u?
6
Let o(w) = 4. Let m(q) = 8*q + 35. Let f(g) = -m(g) + 5*o(g). Let d = 11 + -18. What is the units digit of f(d)?
1
Let c(u) = u**3 - 4*u**2 - 2. Let r(m) = m**3 - 4*m**2 + 2. Let o be r(4). Let s be c(o). Let y = s + 21. What is the tens digit of y?
1
Suppose -y = 9*y - 8810. What is the units digit of y?
1
Suppose -4180 + 3886 = 7*s. Let y be ((-1)/2)/((-2)/16). What is the units digit of y/(-6) - 2464/s?
8
What is the hundreds digit of 1400*(-11)/33*-6?
8
Let q(u) be the second derivative of -7*u**3/6 + 2*u**2 - 6*u. Let f be q(2). Let a = f - -21. What is the tens digit of a?
1
Let r = 439 - -3011. What is the tens digit of r?
5
Let m be (2 - 81)*(2 - 1). Let d = -47 - m. Let r = d + 27. What is the tens digit of r?
5
Let q(i) = -151*i - 11. What is the hundreds digit of q(-3)?
4
Suppose -5*d - 2*m = 111 - 580, -m = 3. Suppose 3*l = d - 8. What is the tens digit of l?
2
Let n = 14 - 21. Let z = -9 - n. Let j = 4 - z. What is the units digit of j?
6
Let h(j) = 24*j**2 - 7*j - 9. What is the tens digit of h(-3)?
2
Suppose z = 5*c - 7996, 0 = -3*c + 3*z + 4443 + 345. What is the tens digit of c?
0
Let i(t) = t**3 - 6*t**2 - 8*t - 10. Let z be i(7). Let b = z - -57. What is the tens digit of b?
4
Let b = 132 - 33. What is the tens digit of b?
9
What is the hundreds digit of 3/2*(176 + 2)?
2
Let b(t) = -t**2 + t + 20. Let q be b(0). Suppose a = -4*a + 3*d - 26, -5*d = -5*a - q. Let h = 43 + a. What is the tens digit of h?
3
Let a be (-3)/(21/((-56)/8)). Let t(y) = 20*y**3 - 1 + y - 6*y**3 + y**2 + 22*y**3. What is the tens digit of t(a)?
3
Suppose -3*o - s + 2*s = -23, -4*o - s + 19 = 0. Suppose -o*a - 38 = -8*a. What is the tens digit of a?
1
Let i(z) = z**2 - 8*z - 1. Let p(c) = -1. Let j(b) = -i(b) - p(b). Let y be j(8). Suppose -4*r + 4 + y = -s, -r - 16 = -2*s. What is the units digit of s?
0
Suppose -5*k + 0 + 26 = 3*c, 5*c + 3*k - 22 = 0. Suppose -2*u + 8 = 3*r, -3*r - c*r = 5*u - 30. Let h = u - -22. What is the units digit of h?
2
Suppose 0 = -14*q + 21811 + 17893. What is the thousands digit of q?
2
Let g(f) = 66*f - 5. Let v be g(3). Let b = 372 - v. What is the units digit of b?
9
What is the hundreds digit of ((-2595)/20 - 1)/(3/(-72))?
1
Suppose -57*x + 177 = 2*x. Suppose 4*o - 6*m + m - 45 = 0, 0 = -2*o - 2*m. Suppose 0*k = -x*k + 5*p + 206, -o*k = -4*p - 365. What is the tens digit of k?
7
Suppose -h - 248 + 918 = 0. What is the tens digit of h?
7
Suppose 0 = 2*m - z, 0 = 3*m + z - 16 + 6. Let q = m - -3. Suppose 3*a = -0*a - 5*f + 5, 35 = q*a - 5*f. What is the units digit of a?
5
Suppose 475 + 165 = 4*f. Suppose 2*t = 3*n + 128, -3*n + f = 2*t + 2*n. Suppose -2*i = -5*d - t, 10*i - 5*d = 5*i + 190. What is the tens digit of i?
4
Suppose -3*t + d + 2313 = 0, 0 = t - 3*d - 1027 + 248. What is the units digit of t?
0
Suppose 5*n = 360 - 130. What is the tens digit of n*((-36)/8)/(-9)?
2
Let o(q) = -4*q**3 + 3*q**2 + 30*q + 14. What is the units digit of o(-7)?
3
What is the tens digit of ((-18)/(-27))/(40179/(-8037) + 5)?
9
Let a = 497 - -248. What is the tens digit of a?
4
Suppose -2*p - 1135 = -4*t - 3*p, -t - 2*p + 275 = 0. What is the hundreds digit of t?
2
Let o(w) = 17*w + 7. Let h = -6 + 21. Let v be o(h). Suppose 0 = -5*g + v - 72. What is the units digit of g?
8
Suppose 0 = -d - 31*d + 8096. What is the units digit of d?
3
What is the units digit of 27025/175 - (-3)/(-7)?
4
Suppose -4*m = -3*p + 6589, -m - 8126 = -4*p + 655. What is the hundreds digit of p?
1
Suppose -2*t = -3*m - 276, 4*m - 5*t = 120 - 488. Let h = m + 192. Suppose -h + 19 = -3*x. What is the tens digit of x?
2
Suppose 5*r = 3*g - 27 - 7, 2*r - 54 = -4*g. Suppose 12*i - g*i + 120 = 0. What is the hundreds digit of i?
1
What is the units digit of (-1 + 6)/(0 + 6/54)?
5
Suppose -h = h. Suppose h = 6*z - 18 - 0. Suppose -z*o + 5*b + 79 = 0, o - 2*b = 3*b + 23. What is the tens digit of o?
2
Suppose 0 = -28*z - 3311 + 12159. What is the tens digit of z?
1
Suppose -1423 = -4*h + 5. Suppose -s = 5*a - 89, -5*s + 3*a = -10*s + h. What is the tens digit of s?
6
Let c = -83 + 652. What is the tens digit of c?
6
Let k = 2269 - 768. What is the tens digit of k?
0
What is the tens digit of ((-10)/(-12))/(4/3912)?
1
Let a = -2172 - -3497. What is the thousands digit of a?
1
Let q = -34 + 34. Suppose q = -3*i + 2*i + 22. What is the tens digit of i?
2
Suppose -4*j + 3567 = 3*w, -2*j = -0*j - 3*w - 1761. Suppose -8*m = -2*m - j. What is the units digit of m?
8
Suppose -9*a + 13*a = 488. Let z = a + 40. What is the hundreds digit of z?
1
Suppose 20*j = -24*j + 55220. What is the thousands digit of j?
1
Let v(k) = -2*k**2 + 30*k - 10. Let p be v(16). Let a = -1 + 0. What is the tens digit of ((-30)/(-35))/(a/p)?
3
Let z be 21/9*6 - 4. Suppose 6*m = m + z. Suppose 3*t - 4 = m, -t = -2*a + 92. What is the units digit of a?
7
Let g = 48 + -43. Suppose -4*a = -4*b - 180, g*a - 172 = a - 4*b. What is the tens digit of a?
4
Let t(u) = -6*u**2 - 23*u - 7. Let k(j) = -7*j**2 - 24*j - 7. Let p(y) = -5*k(y) + 6*t(y). What is the tens digit of p(-12)?
6
Let a be (-440)/(-24) - (-4)/6. Suppose -4*r - 4*q + a = -5, -3*r + 30 = -q. What is the units digit of r/1 + (-6)/2?
6
Suppose -24*w - 20*w + 23760 = 0. What is the hundreds digit of w?
5
Let o(d) = d + 2. Suppose 0 = 7*a - 3*a - 28. What is the units digit of o(a)?
9
Suppose 2*u = -26*b + 22*b + 430, b = 3*u - 610. What is the hundreds digit of u?
2
Let w = 143 + -56. Suppose 2*z + w = r - 82, 3*r + 4*z - 537 = 0. What is the units digit of r?
5
Let m(v) = v**2 + 25*v - 563. What is the hundreds digit of m(45)?
5
Let g(h) = h**3 - h**2 - 4*h + 4. Let c be g(4). Let q = 127 - 83. Suppose -4*y - 4*p = -q, 2*y - 2*p = 3*p + c. What is the tens digit of y?
1
What is the units digit of (-2551)/(-4) + (266/19)/56?
8
Let c = 35 - 27. Let n(o) = o**2 + 9*o - 11. Let p be n(c). Let j = -70 + p. What is the units digit of j?
5
Suppose 2*x = -x + 36. Suppose 0 = -c + 3*y + x, -2*c + 8*y = 3*y - 21. What is the units digit of 9*(0 - c)/(-3)?
9
What is the hundreds digit of 3 - 66/(-2 - 27/(-15))?
3
Suppose 2*r + 1833 = 4*k + 45, -5*k - r = -2249. What is the units digit of k?
9
Suppose -11 = 3*u + 31. Let s = u + 8. What is the units digit of 16/s*18/(-3)?
6
Let a be -3*(-2)/(-3)*2/(-4). What is the units digit of ((-10)/6 + a)/(14/(-3066))?
6
What is the thousands digit of ((-4712)/190)/(2/(-85))?
1
Suppose 5*g - 18*g = -4043. What is the units digit of g?
1
Suppose -4*s - 46 - 69 = y, -5*s - y - 145 = 0. Let t = 55 + s. What is the units digit of t?
5
Let c be (-1 + 1)/(-2) - -13. Suppose 0 = z + 104 - 152. Suppose c*p = 17*p - z. What is the tens digit of p?
1
Suppose 3*w = 4*r + 784, 0 = 3*w - r - 0*r - 799. What is the hundreds digit of w?
2
Let t(w) = w**3 + 7*w**2 - 6*w + 19. Let z be t(-8). Suppose 0 = -y + 2*a + 111, z*y - 119 = 2*y - 2*a. What is the units digit of y?
5
Let w(i) = -2*i**3 - 8*i**2 + 7*i - 1. Let s(b) = -b**3 - 7*b**2 + 6*b - 2. Let g(p) = 5*s(p) - 4*w(p). What is the units digit of g(3)?
4
Suppose 0*f - 400 = -4*f + 5*o, 3*f = 4*o + 299. Let a = f + 8. Let g = -68 + a. What is the tens digit of g?
4
Suppose -18*b - 3*b = -28392. What is the thousands digit of b?
1
Let p(o) = -3*o**2 - 23*o - 43. Let u(z) = 2*z**2 + 12*z + 21. Let v(r) = -3*p(r) - 5*u(r). What is the tens digit of v(9)?
2
Let y(x) = 4*x**2 - 91*x - 35. What is the hundreds digit of y(30)?
8
Suppose 21*x - 65381 - 391 = 0. What is the units digit of x?
2
Let l(o) = o**3 - 8 + 0*o**3 + 0*o**3 + 12*o - o - 9*o**2. What is the units digit of l(8)?
6
Let q be (-2)/3 - (-1)/(-3). Let r = -3 + q. What is the tens digit of (-53)/(-3) - r/12?
1
Let x(q) be the first derivative of 2*q**3/3 - 19*q**2/2 + 32*q - 12. What is the units digit of x(13)?
3
Let b(z) be the first derivative of 3*z**4/4 + z**3 + 4*z**2 + 4*z - 45. What is the hundreds digit of b(4)?
2
Let x = 39 + -39. Suppose v + 0*v - 5*b - 71 = x, b + 171 = 3*v. What is the tens digit of v?
5
Suppose x - 19 = 765. What is the tens digit of x?
8
Let p = 3058 + -1889. What is the hundreds digit of p?
1
Suppose -5*d - 2*s = -3956 - 17089, d - 4206 = -s. What is the tens digit of d?
1
Suppose 1 = -y - 0. Let k be -32 + (-9 - y)/(-4). Let b = k + 45. What is t